hat is the hundreds digit of 59388?
3
What is the thousands digit of 20499?
0
What is the thousands digit of 18927?
8
What is the ten thousands digit of 103356?
0
What is the tens digit of 45549?
4
What is the tens digit of 1869?
6
What is the tens digit of 3579?
7
What is the thousands digit of 10574?
0
What is the thousands digit of 19449?
9
What is the tens digit of 221?
2
What is the units digit of 46215?
5
What is the tens digit of 4048?
4
What is the hundreds digit of 34781?
7
What is the tens digit of 3355?
5
What is the units digit of 31482?
2
What is the hundreds digit of 10731?
7
What is the units digit of 416?
6
What is the tens digit of 23877?
7
What is the units digit of 3663?
3
What is the tens digit of 312?
1
What is the tens digit of 19596?
9
What is the units digit of 25123?
3
What is the units digit of 90945?
5
What is the tens digit of 45822?
2
What is the units digit of 2401?
1
What is the hundreds digit of 1219?
2
What is the units digit of 119239?
9
What is the thousands digit of 2226?
2
What is the units digit of 2754?
4
What is the hundreds digit of 12004?
0
What is the thousands digit of 1080?
1
What is the tens digit of 10100?
0
What is the units digit of 3138?
8
What is the thousands digit of 5673?
5
What is the thousands digit of 7795?
7
What is the units digit of 2434?
4
What is the thousands digit of 6935?
6
What is the thousands digit of 1670?
1
What is the hundreds digit of 1877?
8
What is the hundreds digit of 2337?
3
What is the tens digit of 1692?
9
What is the units digit of 163?
3
What is the hundreds digit of 194783?
7
What is the tens digit of 3166?
6
What is the tens digit of 1994?
9
What is the tens digit of 1659?
5
What is the ten thousands digit of 125896?
2
What is the hundreds digit of 198?
1
What is the units digit of 22308?
8
What is the hundreds digit of 4414?
4
What is the thousands digit of 5976?
5
What is the thousands digit of 7358?
7
What is the units digit of 20351?
1
What is the hundreds digit of 5098?
0
What is the units digit of 29660?
0
What is the hundreds digit of 92943?
9
What is the hundreds digit of 760?
7
What is the units digit of 10805?
5
What is the tens digit of 2049?
4
What is the units digit of 60342?
2
What is the units digit of 7456?
6
What is the units digit of 13344?
4
What is the hundreds digit of 9340?
3
What is the units digit of 41726?
6
What is the units digit of 24851?
1
What is the tens digit of 5953?
5
What is the thousands digit of 32226?
2
What is the tens digit of 9290?
9
What is the hundreds digit of 913?
9
What is the thousands digit of 2186?
2
What is the hundreds digit of 57631?
6
What is the thousands digit of 43661?
3
What is the thousands digit of 6708?
6
What is the tens digit of 4423?
2
What is the units digit of 74050?
0
What is the ten thousands digit of 28173?
2
What is the hundreds digit of 720?
7
What is the hundreds digit of 51828?
8
What is the ten thousands digit of 10392?
1
What is the hundreds digit of 1042?
0
What is the thousands digit of 7383?
7
What is the units digit of 365?
5
What is the tens digit of 690?
9
What is the hundred thousands digit of 184640?
1
What is the hundreds digit of 943?
9
What is the tens digit of 1049?
4
What is the thousands digit of 1086?
1
What is the units digit of 14829?
9
What is the tens digit of 239?
3
What is the thousands digit of 1866?
1
What is the hundreds digit of 559?
5
What is the thousands digit of 19086?
9
What is the tens digit of 2484?
8
What is the hundreds digit of 382?
3
What is the hundreds digit of 50834?
8
What is the tens digit of 25591?
9
What is the tens digit of 10836?
3
What is the ten thousands digit of 14940?
1
What is the hundreds digit of 47441?
4
What is the hundreds digit of 243?
2
What is the hundreds digit of 2140?
1
What is the hundreds digit of 1365?
3
What is the hundreds digit of 1187?
1
What is the units digit of 660?
0
What is the hundreds digit of 52013?
0
What is the tens digit of 668?
6
What is the ten thousands digit of 15068?
1
What is the units digit of 12946?
6
What is the thousands digit of 5463?
5
What is the tens digit of 62748?
4
What is the tens digit of 2716?
1
What is the hundreds digit of 1570?
5
What is the thousands digit of 1749?
1
What is the hundreds digit of 888?
8
What is the hundreds digit of 1309?
3
What is the tens digit of 80?
8
What is the tens digit of 1202?
0
What is the hundreds digit of 27229?
2
What is the hundreds digit of 13779?
7
What is the hundreds digit of 795?
7
What is the tens digit of 773?
7
What is the tens digit of 6521?
2
What is the thousands digit of 23464?
3
What is the ten thousands digit of 13268?
1
What is the hundreds digit of 1237?
2
What is the hundreds digit of 649?
6
What is the hundreds digit of 579?
5
What is the tens digit of 7132?
3
What is the units digit of 2514?
4
What is the tens digit of 9935?
3
What is the tens digit of 3692?
9
What is the thousands digit of 135183?
5
What is the ten thousands digit of 30710?
3
What is the hundreds digit of 10809?
8
What is the units digit of 135977?
7
What is the hundreds digit of 18865?
8
What is the hundreds digit of 4136?
1
What is the thousands digit of 73801?
3
What is the tens digit of 8754?
5
What is the tens digit of 12770?
7
What is the thousands digit of 6241?
6
What is the units digit of 9533?
3
What is the tens digit of 284?
8
What is the thousands digit of 1565?
1
What is the thousands digit of 35372?
5
What is the hundreds digit of 328?
3
What is the tens digit of 9740?
4
What is the units digit of 9814?
4
What is the thousands digit of 3534?
3
What is the hundreds digit of 8458?
4
What is the tens digit of 1632?
3
What is the units digit of 6916?
6
What is the units digit of 1694?
4
What is the thousands digit of 1834?
1
What is the tens digit of 52?
5
What is the ten thousands digit of 16531?
1
What is the hundreds digit of 4801?
8
What is the units digit of 30724?
4
What is the tens digit of 835?
3
What is the hundreds digit of 411?
4
What is the tens digit of 17599?
9
What is the tens digit of 5628?
2
What is the tens digit of 20500?
0
What is the tens digit of 712?
1
What is the thousands digit of 8474?
8
What is the hundreds digit of 1968?
9
What is the tens digit of 171268?
6
What is the units digit of 18253?
3
What is the hundreds digit of 402?
4
What is the tens digit of 13973?
7
What is the thousands digit of 45892?
5
What is the hundreds digit of 1430?
4
What is the tens digit of 1008?
0
What is the hundreds digit of 20601?
6
What is the ten thousands digit of 45998?
4
What is the tens digit of 168?
6
What is the units digit of 10300?
0
What is the tens digit of 574?
7
What is the thousands digit of 3785?
3
What is the tens digit of 8624?
2
What is the tens digit of 145593?
9
What is the hundreds digit of 197?
1
What is the thousands digit of 32085?
2
What is the hundreds digit of 12031?
0
What is the units digit of 21888?
8
What is the hundreds digit of 771?
7
What is the units digit of 5520?
0
What is the tens digit of 24271?
7
What is the hundreds digit of 23433?
4
What is the tens digit of 138083?
8
What is the ten thousands digit of 10342?
1
What is the hundreds digit of 2416?
4
What is the thousands digit of 2561?
2
What is the hundreds digit of 166462?
4
What is the ten thousands digit of 16887?
1
What is the thousands digit of 4280?
4
What is the hundreds digit of 634?
6
What is the units digit of 13391?
1
What is the units digit of 3483?
3
What is the units digit of 1700?
0
What is the hundreds digit of 3501?
5
What is the tens digit of 4818?
1
What is the units digit of 1183?
3
What is the ten thousands digit of 115753?
1
What is the tens digit of 1051?
5
What is the thousands digit of 18454?
8
What is the hundreds digit of 12901?
9
What is the thousands digit of 5603?
5
What is the tens digit of 1877?
7
What is the thousands digit of 30412?
0
What is the thousands digit of 16339?
6
What is the thousands digit of 3023?
3
What is the units digit of 1873?
3
What is the thousands digit of 2003?
2
What is the hundreds digit of 5707?
7
What is the tens digit of 378?
7
What is the thousands digit of 83706?
3
What is the hundreds digit of 2534?
5
What is the hundreds digit of 1948?
9
What is the tens digit of 950?
5
What is the ten thousa